v(b) = b**3 + 3*b**2 + 3*b + 27. Suppose 0 = 11*j + 11*j + 25*j - 9*j. Determine v(j).
27
Let j(o) be the first derivative of -71*o**2/2 - 13*o + 3268. What is j(0)?
-13
Let m be (-1)/((-1)/(-5)) - 465/(-31). Let o(c) = -c**3 + 5*c**2 - 3*c - 8*c + 7 + 6*c**2. Calculate o(m).
-3
Let z be (78/52)/((-258)/36 - -7). Let d(b) = 2*b**3 + 21*b**2 + 30*b + 30. What is d(z)?
3
Suppose -26*i = -796 + 276. Suppose -i*b = -42*b + 198. Let a(o) = o + 5. What is a(b)?
14
Let w = 2720 + -2713. Let s(b) = 3*b - 31. What is s(w)?
-10
Let d(u) be the second derivative of -u**5/20 + u**4/2 + 4*u**3/3 - 3*u**2 + u. Let y = -216 - -63. Let w be 34/y + (-130)/(-18). Determine d(w).
1
Suppose -3*t - 34 = -7. Suppose 0 = 9*f - 403 - 272. Let i(u) = u**2 + 0*u**2 - f - 77 + 10*u + 161. Determine i(t).
0
Let g(s) = -8*s**2 - 4 + s + s**3 + 4. Let h be (612/45 - 10)/(6/20). Suppose -u - 5*r - h = -0, 2*r - 16 = -3*u. Give g(u).
8
Let r(h) = -h**3 - 9*h**2 + 12*h + 11. Let v = -178 - -175. Let p be -14 - v*6*6/27. Give r(p).
-9
Let n(b) = b - 16. Let u = -3 - -18. Let z(v) = u + v + 16 - 26. Let l be z(-5). Determine n(l).
-16
Let k(w) be the first derivative of 5*w**2 + 14*w - 102 + 1/3*w**3. Determine k(-11).
25
Let m(z) = -z**3 + 10*z**2 - 6*z - 7. Let u(c) = -c**2 + c + 1. Let s(y) = m(y) + 5*u(y). Let r be s(-1). Let b(q) = q**2 - 4*q + 5. Calculate b(r).
10
Let n(f) = 2*f + 5. Let h(z) = -2*z**3 + 19*z**2 - 27*z + 12. Let k be h(8). Let p be k/((-72)/30) - 18. Give n(p).
-21
Suppose 1 = -3*p - q, -30*p + 29*p - 5*q = 5. Suppose -44*h + 30*h = p. Let m(x) = 5*x**3 + 0*x**3 - 6*x**3 - 5. What is m(h)?
-5
Let a(p) = 208*p - 86. Let j(y) = -346*y + 173. Let t(g) = 5*a(g) + 3*j(g). Determine t(-43).
3
Let n(c) = 58*c + 355. Let z be 360/(-1260) - ((-38)/(-7) + 2/7). What is n(z)?
7
Let o(s) be the third derivative of -s**4/24 - s**3 - 1169*s**2. Give o(13).
-19
Suppose -5*s = 2*u + 22, -8 = -12*s + 16*s. Let y(l) = l**3 + 5*l**2 - 3*l - 4. Calculate y(u).
-22
Let l(s) = 7*s**2 - 4*s. Let v(r) = -15*r**2 + 8*r. Let h(m) = -13*l(m) - 6*v(m). Suppose -i + 38 = 14. Suppose -32*w + i*w = -32. What is h(w)?
0
Let n(b) be the first derivative of 7*b**2/2 - 26*b - 1663. What is n(13)?
65
Let t be (-1)/1 - (-1)/1. Let n(u) be the second derivative of 262*u + 0 + 4*u**2 - 1/6*u**3. Determine n(t).
8
Let t(w) = -4*w**2 - 6*w + 6. Let p be t(-2). Suppose 18 = -u + 5*n, p*u - n = -0*n + 9. Let o(j) = -2*j + 14. Calculate o(u).
0
Let r be 0 - (12/(-16))/(2/(-16)). Let s(d) = d - 2. Let x(j) = j - 1. Let y(g) = r*x(g) + 3*s(g). Suppose -3*c - 1 = -4. Give y(c).
-3
Let g be -3 - (-27)/(-1*(-6)/(-32)). Let k = -143 - g. Let l(m) = -2*m**2 - 4*m - m**2 + 0*m - 4 + m**3. Determine l(k).
-4
Let w(j) = -6*j**2 - j + 13. Let c(q) = 6*q**2 + q - 11. Suppose -4*p - 2*y - 16 = 0, -3*p + 32 = -7*p + 2*y. Let d(h) = p*c(h) - 5*w(h). Calculate d(1).
-6
Let l(j) = 10*j - 3. Let w(u) = -u + 1. Let t(p) = -l(p) - 2*w(p). Let h(x) = -17*x + 2. Let k = 531 - 544. Let g(i) = k*t(i) + 6*h(i). What is g(3)?
5
Let i(c) = c - 8. Let u = -63 + 54. Let w be 8/(-3)*u/6. Calculate i(w).
-4
Let c(q) = q**2 + 9*q - 24. Suppose 5*h + 11 = -3*f, -15*f = -18*f - 3*h - 3. Determine c(f).
12
Let f(p) = p**3 + 3*p + 1. Suppose 2*s = 5*m + 92, 0*s + m = 4*s - 184. Let g(t) = 3*t - s*t**2 + 57*t**2 - t**3 - 12 - 23. Let h be g(11). What is f(h)?
-13
Let r(y) be the third derivative of -y**6/120 + y**4/24 - 3*y**3 + y**2. Suppose -588 = 41*w - 53*w. Let f = w + -49. Give r(f).
-18
Let m(l) = -7085*l - 5*l**3 - 3*l**2 + 7104*l - 12*l**3 + 20. Calculate m(-1).
15
Let w(o) = o**3 + o**2 + o - 6. Suppose d + z = 3 + 10, 0 = -3*d - 5*z + 37. Let l(y) = -4532*y - 13 - 15 + 4534*y. Let k be l(d). Calculate w(k).
-6
Let z(r) be the third derivative of r**8/20160 + r**7/840 - r**6/720 - r**5/6 + r**4/12 + 84*r**2. Let y(l) be the third derivative of z(l). What is y(-7)?
6
Let c(m) be the third derivative of m**4/24 - 7*m**3/6 + 3*m**2 - 2*m - 1763. What is c(-24)?
-31
Let s(o) = -21*o - 11*o - 40*o + 98*o - 46 - 33. What is s(5)?
51
Let g = 447 - 442. Suppose 5*m = 3*z + 21, 0 = -g*z + 6*z - 4*m. Let w(k) = -k**2 - 12*k - 5. What is w(z)?
-5
Let c(x) be the second derivative of 13*x**3/6 + 309*x**2/2 - 6736*x. Determine c(-24).
-3
Let m = 60 + -64. Let q be (5/(-2))/(m/(-8) + -1). Let w(z) = 2*z - z**2 - z - 168 + 162. Give w(q).
-26
Let r(s) = -2*s**2 + 7*s + 1. Let i be r(4). Let m = 6 + i. Let n(q) = 2*q - 2 - 3*q - m. Determine n(-4).
-1
Let j(o) be the second derivative of 3/2*o**3 - 161*o + 0 + 1/12*o**4 + 15/2*o**2. Give j(-7).
1
Suppose -73 = 8*q - 89. Let d(f) = -4*f**2 - f + 6*f**2 - 1 - q*f + 2*f. Let w be (4/3)/((-2)/(-3)). Give d(w).
5
Let f(t) = -t**2 - 2*t + 5. Let v(q) = q**2 - 10*q + 13. Let m be v(8). Let n be f(m). Let s(b) = -7*b**2 + 5 + n*b + 9*b**2 + 2*b**3 - 4. Calculate s(-1).
-1
Let s(w) = w**2 + 2*w + 1. Let n = 172 - 173. Let t(y) = 3*y**3 + 7*y**2 + 8*y. Let b be t(n). Give s(b).
9
Let j(h) = -3*h**3 + h**2 - 4*h + 3. Let z(l) = 3*l**3 + 4*l - 3. Let o(x) = -3*j(x) - 2*z(x). Let s = 69 + -48. Let p be 6 + (-7)/(s/12). Give o(p).
17
Let u = 245325 - 245323. Let k(t) be the second derivative of 0*t**2 - t + t**3 - t + t**2. What is k(u)?
14
Suppose -3*i = -5*r - 14, 2*i = -1 - 3. Let q(u) = -3*u**2 - 3*u**3 + 10*u + 4*u**3 + 0*u**2 + 8*u**2 - 18*u + 14*u. Determine q(r).
-8
Let t(j) be the second derivative of j**3/6 + j**2 + 1266*j. Give t(7).
9
Let i be (-6)/(-12) - 65/2. Let l(s) = s**3 + 26*s**2 - s + 16. Let b be l(0). Let j be 4/i - 46/b. Let z(n) = -n**3 - 2*n**2 + 2*n - 3. Determine z(j).
0
Let k(u) = -10*u. Let w(l) = l**2 - 1. Let j(z) = -k(z) + w(z). Let q(f) = f**2 + 11*f. Let n(b) = 4*j(b) - 3*q(b). Determine n(-8).
4
Let g(a) be the third derivative of -5*a**4/12 - 41*a**3/3 - 22*a**2 + 3*a. Let u be g(-8). Let w(i) = -i**2 - 2. Calculate w(u).
-6
Let d be (5 + 9/(-2))*(43 - 47). Let a(t) = t**2 + 5*t + 6. Let l be a(-4). Let x(o) = -3 - 6*o**l + 7 - 3 - o. Determine x(d).
-21
Let p(q) = 20581*q + 21 - 1 - 20582*q. Let r(k) = -2*k - 5. Let w be r(-4). Let c be -6*((-18)/4)/w. What is p(c)?
11
Let z(k) = 20*k + 1. Let y(l) = -22*l - 9. Let o(u) = -2*y(u) - 2*z(u). What is o(-8)?
-16
Let z(j) = 3*j + 58. Let t be z(-16). Let y(o) be the first derivative of o**4/4 - 11*o**3/3 + 4*o**2 + 23*o - 31. Determine y(t).
3
Let x(b) be the second derivative of 5*b**3/6 + 6*b. Let d(r) = 14*r. Let j(l) = 6*d(l) - 17*x(l). Let k be -4 + 2 + 5 + -3. Give j(k).
0
Let c(w) = -4*w - 19. Let h(i) = -3*i - 10. Let y(s) = -2*c(s) + 5*h(s). Let k(f) = 12*f + 24. Let t(z) = 3*k(z) + 5*y(z). Determine t(-6).
6
Suppose -18*r - 5*r = -667. Let z(v) = 16*v + 13*v - 76*v + r*v. Calculate z(1).
-18
Let y(f) = f**3 + 2*f**2 - 3*f. Suppose w = -2*b - 2*b + 92, 4*w + 28 = 2*b. Let s be (7 + (-16)/2)/(2/b). Let v = s - -13. Calculate y(v).
10
Suppose 11*s - 2*t = -38, -5 = 5*s - 279*t + 274*t. Let d(h) = -24*h + 20. Let x(j) = -5*j + 4. Let y(i) = -3*d(i) + 14*x(i). Determine y(s).
-12
Let y(g) = 13*g + 8. Suppose 7*n = 45*n - 3*n + 70. Calculate y(n).
-18
Suppose -2*z - 9 = 5*q, 29 = 5*q + 4*z + 32. Let t(x) = 12*x**2 + 37*x + 2. Give t(q).
-1
Let c(t) = -434*t + 385. Let f(a) = 272*a - 257. Let z(d) = -5*c(d) - 8*f(d). What is z(23)?
-7
Suppose -r + 520 - 528 = 0, 6*r + 38 = -5*o. Let b(u) = -u**2 - 29*u + 58. Determine b(o).
-4
Suppose 6 = 2*m - 0. Let v(g) = g**3 - 2*g**3 + g**3 - 2*g + 6*g**2 + g**m - 8. Let w be (5 + 2 + -1)/(-1). What is v(w)?
4
Suppose 554 + 208 = 4*a - 2*d, 0 = 2*a - 3*d - 391. Let g = 186 - a. Let x(o) = -o - 1. Give x(g).
1
Let a be (2565/380)/((-18)/(-8)). Let b(o) be the first derivative of 0*o + 1/2*o**2 + 1/3*o**a - 3. What is b(-6)?
30
Let l(m) = m**2 + 20*m - 36. Let c be l(-17). Let i = 104 + c. Let k(q) = -35 + 15*q + 19 + i. Calculate k(-1).
-14
Let x(r) = -309*r - 2376. Let z(i) = -62*i - 478. Let g(j) = -2*x(j) + 11*z(j). Give g(-8).
6
Let j(t) = 5 + 0 + 11 - 15 - 2*t - 11. Suppose k - q + 10 = 0, 4*q - 13 = k + 2*q. Determine j(k).
4
Let s(z) = -6*z**2 - 2 + 2*z + 4 - 4 + z**3. Let h(i) = 2. Let f(d) = 3*d**2 - 24*d - 6. Let k(y) = f(y) + 5*h(y). Let v be k(8). Calculate s(v).
-26
Let m = -1210 + 1222. Let z(h) = 131*h + 3 - h**2 - 29 - 117*h. Determine z(m).
-2
Let v(z) be the